ts digit of 829?
9
What is the hundreds digit of 5413?
4
What is the hundreds digit of 4139?
1
What is the tens digit of 2632?
3
What is the hundreds digit of 4714?
7
What is the tens digit of 4414?
1
What is the tens digit of 44200?
0
What is the tens digit of 8670?
7
What is the thousands digit of 41999?
1
What is the thousands digit of 3141?
3
What is the thousands digit of 77385?
7
What is the units digit of 4297?
7
What is the thousands digit of 20360?
0
What is the thousands digit of 176086?
6
What is the units digit of 1393?
3
What is the tens digit of 1571?
7
What is the ten thousands digit of 77963?
7
What is the thousands digit of 10495?
0
What is the hundreds digit of 35059?
0
What is the ten thousands digit of 103294?
0
What is the units digit of 9330?
0
What is the thousands digit of 2366?
2
What is the thousands digit of 109539?
9
What is the thousands digit of 111847?
1
What is the units digit of 2920?
0
What is the hundreds digit of 10400?
4
What is the hundreds digit of 113402?
4
What is the hundreds digit of 893?
8
What is the thousands digit of 4989?
4
What is the tens digit of 22116?
1
What is the hundreds digit of 1408?
4
What is the hundreds digit of 601?
6
What is the thousands digit of 2869?
2
What is the thousands digit of 1003?
1
What is the tens digit of 2896?
9
What is the thousands digit of 16367?
6
What is the units digit of 963?
3
What is the thousands digit of 1613?
1
What is the units digit of 3446?
6
What is the thousands digit of 32778?
2
What is the tens digit of 2758?
5
What is the hundreds digit of 52848?
8
What is the hundreds digit of 1910?
9
What is the hundreds digit of 46228?
2
What is the hundreds digit of 355?
3
What is the hundreds digit of 11366?
3
What is the thousands digit of 39105?
9
What is the tens digit of 8584?
8
What is the hundreds digit of 172?
1
What is the ten thousands digit of 17610?
1
What is the units digit of 2807?
7
What is the tens digit of 3077?
7
What is the units digit of 13942?
2
What is the units digit of 2792?
2
What is the thousands digit of 1325?
1
What is the units digit of 30586?
6
What is the hundreds digit of 5841?
8
What is the thousands digit of 2645?
2
What is the tens digit of 113777?
7
What is the thousands digit of 11921?
1
What is the units digit of 3151?
1
What is the thousands digit of 3008?
3
What is the ten thousands digit of 88806?
8
What is the units digit of 34353?
3
What is the hundreds digit of 466?
4
What is the tens digit of 80644?
4
What is the hundreds digit of 585?
5
What is the tens digit of 687?
8
What is the hundreds digit of 5185?
1
What is the tens digit of 2145?
4
What is the ten thousands digit of 48196?
4
What is the hundreds digit of 71475?
4
What is the units digit of 36487?
7
What is the units digit of 4569?
9
What is the hundreds digit of 2621?
6
What is the tens digit of 43897?
9
What is the ten thousands digit of 88592?
8
What is the hundreds digit of 755?
7
What is the tens digit of 640?
4
What is the tens digit of 5731?
3
What is the hundreds digit of 1861?
8
What is the tens digit of 3046?
4
What is the units digit of 840?
0
What is the tens digit of 1666?
6
What is the thousands digit of 11620?
1
What is the tens digit of 623?
2
What is the thousands digit of 5647?
5
What is the tens digit of 70627?
2
What is the units digit of 988?
8
What is the hundreds digit of 1255?
2
What is the units digit of 811?
1
What is the units digit of 4299?
9
What is the thousands digit of 1269?
1
What is the thousands digit of 2197?
2
What is the hundreds digit of 29363?
3
What is the ten thousands digit of 14943?
1
What is the tens digit of 1501?
0
What is the hundreds digit of 1662?
6
What is the tens digit of 475?
7
What is the hundreds digit of 105483?
4
What is the units digit of 40311?
1
What is the units digit of 141325?
5
What is the thousands digit of 11117?
1
What is the units digit of 8311?
1
What is the tens digit of 737?
3
What is the thousands digit of 2076?
2
What is the thousands digit of 19775?
9
What is the hundreds digit of 665?
6
What is the tens digit of 13554?
5
What is the hundreds digit of 724?
7
What is the units digit of 6441?
1
What is the tens digit of 5719?
1
What is the units digit of 877?
7
What is the tens digit of 699?
9
What is the tens digit of 9493?
9
What is the units digit of 12703?
3
What is the tens digit of 790?
9
What is the hundreds digit of 1440?
4
What is the units digit of 3213?
3
What is the thousands digit of 1025?
1
What is the thousands digit of 13462?
3
What is the tens digit of 1400?
0
What is the tens digit of 97772?
7
What is the tens digit of 805?
0
What is the hundreds digit of 15675?
6
What is the thousands digit of 1121?
1
What is the thousands digit of 118613?
8
What is the tens digit of 1016?
1
What is the hundreds digit of 10173?
1
What is the hundreds digit of 679?
6
What is the units digit of 6413?
3
What is the units digit of 1379?
9
What is the tens digit of 533?
3
What is the hundreds digit of 46276?
2
What is the tens digit of 62253?
5
What is the hundreds digit of 48623?
6
What is the units digit of 306?
6
What is the tens digit of 790?
9
What is the hundreds digit of 24135?
1
What is the thousands digit of 2398?
2
What is the hundreds digit of 29539?
5
What is the hundreds digit of 34540?
5
What is the hundreds digit of 23852?
8
What is the tens digit of 288?
8
What is the tens digit of 23618?
1
What is the tens digit of 42440?
4
What is the hundreds digit of 357?
3
What is the hundreds digit of 82803?
8
What is the hundreds digit of 6919?
9
What is the hundreds digit of 14410?
4
What is the units digit of 1229?
9
What is the hundreds digit of 485?
4
What is the units digit of 696?
6
What is the units digit of 2760?
0
What is the units digit of 248?
8
What is the tens digit of 1297?
9
What is the tens digit of 35579?
7
What is the hundreds digit of 9396?
3
What is the units digit of 224?
4
What is the thousands digit of 6858?
6
What is the units digit of 629?
9
What is the tens digit of 1265?
6
What is the thousands digit of 6886?
6
What is the tens digit of 3163?
6
What is the tens digit of 595?
9
What is the units digit of 173?
3
What is the hundreds digit of 580?
5
What is the hundreds digit of 2068?
0
What is the hundreds digit of 59641?
6
What is the units digit of 9378?
8
What is the units digit of 22929?
9
What is the thousands digit of 3776?
3
What is the tens digit of 11004?
0
What is the ten thousands digit of 31343?
3
What is the tens digit of 789?
8
What is the thousands digit of 1641?
1
What is the tens digit of 391?
9
What is the tens digit of 35907?
0
What is the thousands digit of 2101?
2
What is the units digit of 1640?
0
What is the thousands digit of 2949?
2
What is the units digit of 1340?
0
What is the thousands digit of 35223?
5
What is the hundreds digit of 53372?
3
What is the ten thousands digit of 22630?
2
What is the units digit of 65405?
5
What is the tens digit of 9333?
3
What is the ten thousands digit of 20193?
2
What is the units digit of 1477?
7
What is the units digit of 6588?
8
What is the tens digit of 3253?
5
What is the ten thousands digit of 10494?
1
What is the tens digit of 21378?
7
What is the units digit of 1899?
9
What is the hundreds digit of 3788?
7
What is the hundreds digit of 46766?
7
What is the tens digit of 3815?
1
What is the units digit of 41727?
7
What is the units digit of 853?
3
What is the tens digit of 60989?
8
What is the tens digit of 4616?
1
What is the hundreds digit of 944?
9
What is the hundreds digit of 1629?
6
What is the tens digit of 4129?
2
What is the ten thousands digit of 41662?
4
What is the units digit of 1665?
5
What is the thousands digit of 1288?
1
What is the ten thousands digit of 12587?
1
What is the tens digit of 74?
7
What is the units digit of 390?
0
What is the units digit of 1543?
3
What is the tens digit of 49929?
2
What is the units digit of 503?
3
What is the ten thousands digit of 42759?
4
What is the hundreds digit of 3727?
7
What is the thousands digit of 2283?
2
What is the tens digit of 4733?
3
What is the tens digit of 2356?
5
What is the units digit of 1880?
0
What is the tens digit of 724?
2
What is the ten thousands digit of 11685?
1
What is the hundreds digit of 367?
3
What is